*y + 4 = -h - 9. Calculate d(y).
-6
Suppose c - 10 = 2*y + 3*c, 4*y - 4*c = 12. Let i(d) be the first derivative of 4*d**2 - d - 1. What is i(y)?
-9
Let p(n) = -2*n - 9. Let k = 30 - 37. What is p(k)?
5
Let z(p) = 17*p + 69. Let t be z(-4). Let q(h) be the first derivative of 6*h**2 - 4*h - 2. Let u(w) = 11*w - 5. Let a(j) = 4*q(j) - 3*u(j). Calculate a(t).
14
Let j(a) = -a**2 + 2*a + 9. Let d = 24 + -19. Give j(d).
-6
Let t be 4/(-6) - (-24)/9. Let j(n) = -t*n - 2 - n**2 - 3*n + n. Give j(-3).
1
Let s(c) be the first derivative of 2*c**3/3 + c**2 + c + 2. Let o = 5 - 7. Give s(o).
5
Suppose -2*p = 2*p - 12. Let f = -2 + p. Let r(y) = -f - 6*y**2 - 3*y + y + 0*y**2. What is r(-1)?
-5
Let w(j) be the first derivative of j**2/2 - 3*j - 2. Suppose -4*i - 14 = 2, i + 16 = -4*r. Calculate w(r).
-6
Let q(i) = -i**2 + i + 9. Let k(z) = -z**2 + z + 9. Let w(d) = 4*k(d) - 5*q(d). Suppose 4*n = 3*n. Determine w(n).
-9
Let f(g) = -g**2 + g + 1. Suppose 2*l + c = -c - 6, l - 6 = 2*c. Determine f(l).
1
Let z = 21 + -23. Let k(h) = h + 10. Let d(c) = 1. Let f(x) = -6*d(x) + k(x). What is f(z)?
2
Let z(q) be the first derivative of -3*q**5/10 + q**4/12 - q**2/2 + 6*q + 6. Let s(l) be the first derivative of z(l). Determine s(1).
-6
Let c(o) be the second derivative of -o**3/6 - o**2/2 - o. Let g = 9 + -5. Let m = g - 4. What is c(m)?
-1
Let s be (-2 + 5)/(-3) + 5. Let j(k) = s + 2*k**2 - 14 + 11. What is j(-2)?
9
Let k(s) = s**2 - 5*s - 3. Let y = 11 - 8. Suppose 2*t = -5*m - 14 + 1, 0 = -y*t - 5*m - 7. Give k(t).
3
Let r = 9 - 8. Let h(v) be the second derivative of v**4/8 - v**3/6 + v**2 + 3*v. Let q(y) be the first derivative of h(y). Give q(r).
2
Let t(s) = s**2 - 4*s. Let z be t(5). Let n(l) = -4*l**2 + 2*l + 3 - l**3 + z*l**2 + l. Determine n(-2).
9
Suppose 2 = -3*c + c. Let o = 6 + -3. Let d(z) = 3*z + 1 + o - 5. Give d(c).
-4
Suppose -17 = -4*z + 2*b + 3*b, 5*b = 5*z - 20. Let x(l) = -l**3 + 3*l**2 + 3*l - 2. Calculate x(z).
7
Let z(v) = -v**3 + 7*v**2 - 4*v - 8. Let k be z(6). Let d(x) = -1 + k*x + 2 - 2. What is d(3)?
11
Let j(q) = 3*q**3 + q**3 + q**2 - 5*q**3 - 1. Let a be 4/10 + 24/15. Suppose 4*g = -a + 10. Determine j(g).
-5
Let w(l) = -1 - l**2 - 29*l + 24*l - 3 + 1. What is w(-5)?
-3
Let v(a) = 3*a**2 - 7 + 3*a**2 + 0*a**2 - a**3 + a + a. Suppose -3*r + 2*r + 21 = 5*z, 2*r - 5*z + 3 = 0. Determine v(r).
5
Let y(u) = 4*u**2 - 5*u - 1. Let q(g) = -21*g**2 + 26*g + 4. Let l(d) = -2*q(d) - 11*y(d). Calculate l(-2).
-11
Let t(c) = 5*c**3 - 4*c**2 + c + 1. Let w(h) = h**3 + h - 1. Let q(k) = -t(k) + 4*w(k). Determine q(5).
-15
Let x(y) = y**2 + y - 1. Suppose -i = 2*i. Suppose i*s = f - 3*s + 12, -4*s + 20 = 0. Suppose -f*l = -2*w + 4, 5*l - 1 = -4*w + 7. Determine x(l).
-1
Let y(b) be the second derivative of b**3/3 - 5*b**2/2 + 2*b. Let n(i) = i**3 - 8*i**2 + i - 2. Let s be n(8). Let u be (-10)/s*3*-1. What is y(u)?
5
Let r(b) = 6*b**3 - 2*b - 1. Suppose -24 = -x + 4*c, 2*x + c + 16 = 46. Let q = -40 + x. Let o be (-1)/(-5) - q/(-20). Give r(o).
-5
Let r(a) = a**3 - 4*a**2 - 4*a + 1. Suppose 0 = w - 4 - 0. Determine r(w).
-15
Let i(r) = -r**3 - 6*r**2 - r - 2. Let z(g) = g**2 - 7*g - 6. Let f be z(7). Calculate i(f).
4
Let o(n) = -n**2 + 4*n + 1. Suppose -1 = 3*t - 4. Suppose 5*q = j - 13, 0 + 1 = q + j. Let r be 3 - q - (t - 0). Give o(r).
1
Let d = 6 + -4. Suppose r = -d*r + 12. Suppose -r*l = -17 - 3. Let b(p) = p**3 - 4*p**2 - 4*p + 1. Give b(l).
6
Let i = -10 - -8. Let n(k) be the second derivative of k**4/6 + k**3/6 - 9*k. What is n(i)?
6
Let q(t) = t**2. Let d be q(2). Let h(v) = -3*v**2 + 1 + 2*v**2 + 3*v + 2*v**2 + v**3 - 6*v**2. What is h(d)?
-3
Let p = -2 - -4. Let w(y) = -4 + 6 - 1 - 2*y**p. Suppose -5*x + 12 = 4*o, -2*o + 3*x - 16 = -0*x. Calculate w(o).
-7
Let c(l) = -3*l**3 + 2*l**3 + 2499*l - 2*l**2 - 1 - 2494*l. Suppose 5 = d, -4*d = 3*m - d - 3. Calculate c(m).
11
Let p(r) be the first derivative of -1 + 1/3*r**3 + 0*r + 3*r**2. Let v = 4 + -9. Calculate p(v).
-5
Let j(z) be the first derivative of 1/24*z**4 - 4 + 0*z**3 + 1/2*z**2 + 0*z. Let g(t) be the second derivative of j(t). Determine g(1).
1
Let l(o) = -o. Let n(t) = t**2 - 14*t + 28. Let u be n(11). Determine l(u).
5
Let s(k) = 4*k + 16. Let b(f) = 3*f + 15. Let u(l) = -5*b(l) + 4*s(l). What is u(8)?
-3
Suppose 2*u - 10 = 3*b, -5*b - 16 = -2*u - u. Let r = u + -4. Let v be 5*1*2/r. Let t(g) = g**2 + 7*g + 7. Determine t(v).
-3
Let o(h) = h**3 + 10*h**2 - 11*h + 2. Let g be o(-11). Let p(d) = d**3 + d + 5*d**g - d**2 + 1 + 0 + 3. Give p(-4).
0
Let q(r) = -r**2 - 2*r + 1. Suppose -72 = 2*v - 2*y + 7*y, -v = 2*y + 35. Let t be 1/(-3) - v/3. Let g be (-3)/(-2) - 5/t. What is q(g)?
-2
Let l(z) = 3*z**2. Let p be l(1). Let i(t) = 2 - 1 + 220*t - 222*t. Calculate i(p).
-5
Let n(m) = -m**2 + 8*m - 5. Let p be n(7). Let o(g) = -7*g + 3. Give o(p).
-11
Let x(y) = 12*y - 12. Let u(n) = -5*n + 6. Let k(q) = -7*u(q) - 3*x(q). Calculate k(-5).
-1
Let l(z) = 13*z + 2*z**3 + 1 - 2 - 3*z**2 - 12*z. Let t be l(2). Let n(r) = -r**3 + 5*r**2 + 2*r. Give n(t).
10
Let x(b) be the first derivative of b**4/4 + b**2/2 - 16*b + 119. Let u = 0 - 0. What is x(u)?
-16
Let b(s) = -2*s - 23. Let t be b(-11). Let v(o) = -9*o + 20. Let z(q) = 3*q - 7. Let j(u) = -6*v(u) - 17*z(u). Determine j(t).
-4
Let f be (-1 + -1)/((-7)/21). Let y(d) be the second derivative of -d + d**2 - 1/6*d**3 + 0. Determine y(f).
-4
Let d(q) be the second derivative of -q**7/840 - q**6/120 + q**4/24 + q**3/6 - 6*q. Let k(p) be the second derivative of d(p). Give k(-3).
1
Let j(d) = 72 - 35 - 8*d - 38. Give j(-1).
7
Let o(s) = s**2 + 2. Let a be o(0). Suppose 0 = -t + m, a*t = -3*t + 3*m. Let u(c) = t*c - 4*c + 5 - c**2 + 0*c**2. Give u(-5).
0
Let j(c) = -7 - 5*c - c**3 - 3*c**2 + 9 - 6 - c**2. Give j(-3).
2
Let z(y) = -y**3 + 10*y**2 - 7*y + 3. Suppose -3*w + 5*v + 12 = 0, -2*w = 3*v - 14 - 13. Calculate z(w).
21
Suppose 3*m - 8*m + 15 = 0. Let z(u) = -2*u - m*u - 5 + 4. Let a = -46 + 47. What is z(a)?
-6
Suppose 5*n - n - 8 = 0. Let y(o) = 29*o**2 - 25*o**2 - 7*o + 0 - 6 + o**3 + n*o. Let h = -10 - -5. What is y(h)?
-6
Suppose -3*o = -7*o - 12. Let l(y) be the second derivative of y**5/20 + y**4/3 - 3*y**2/2 - 2*y. Calculate l(o).
6
Let a(b) = 4*b + 1. Let t(l) = -l. Let c(d) = 2*a(d) + 7*t(d). Calculate c(-8).
-6
Let y(o) = o**3 + 4. Let v = 25 - 17. Let q be (-3)/(-9)*(1 + v). Let r = 3 - q. Calculate y(r).
4
Suppose 18 + 7 = j - 5*n, 0 = 4*j - 5*n - 40. Let i(b) = 1 - j*b - 2*b**2 + b**2 - 9 + 1. Determine i(-5).
-7
Let o(u) = -15*u - 29. Suppose -2*z = -3*z + 13. Let c(f) = 7*f + 14. Let h(w) = z*c(w) + 6*o(w). What is h(-6)?
2
Let l(q) = -2*q - 1. Let y be l(-3). Let g(d) be the second derivative of d**4/12 - 2*d**3/3 - d**2 - 13*d. Calculate g(y).
3
Let y(b) = -2*b + 4. Let l(z) = 2*z - 5. Let j(f) = -4*l(f) - 3*y(f). Suppose 5*x - 3*x = 12. Give j(x).
-4
Let y(a) = a**2. Let d(w) = 9*w**2 + 7*w + 1. Let c(h) = -d(h) + 6*y(h). Let j(q) = -q**2 - q. Let m(u) = -c(u) + 2*j(u). Suppose -i = -2 + 7. Determine m(i).
1
Let z(g) = -7 + 3*g + 0*g + g**2 - 2*g. Give z(-5).
13
Suppose -2*i + 0*p - 15 = 3*p, 0 = -3*i + 3*p. Let q(z) = -z**2 + 5*z + 3. Give q(i).
-21
Let u(q) = 29*q**3 - 1. Let y be u(1). Let j(t) = 1 - 4 - 2*t**2 - 24*t + y*t. Suppose -4*v + 2*r = -18, -3*r - 2*r - 9 = 2*v. Determine j(v).
-9
Let g(y) be the second derivative of -y**5/20 + 5*y**4/12 + y**3/3 - y**2/2 - y. Let n be (75/10)/((-9)/(-6)). What is g(n)?
9
Let o(x) = -3*x**2 + 3. Let b(c) = -3*c**2 + c + 4. Let i(a) = -3*b(a) + 4*o(a). Calculate i(-2).
-6
Let f(o) be the third derivative of -o**4/24 - o**3/3 + 15*o**2. Let j be (-3)/(-2)*-2 + -1. Calculate f(j).
2
Let u(k) = -65*k**2 - 4*k**3 + 1 - k + 3*k**3 + 68*k**2. What is u(3)?
-2
Let i(o) = -o**2 + 2*o + 7. Let z(l) = -2*l**2 + 3*l + 15. Let d(u) = -13*i(u) + 6*z(u). Let p be 180/28 + 8/14. Calculate d(p).
-8
Let d(l) = -l**3 - 3*l**2 + 3*l + 3. Let g be d(-4). Let h(c) = c - 17. Give h(g).
-10
Let d(c) = -5*c**2 + c - 1. Let k be d(1). Suppose -3 + 12 = 3*a. Let t(o) = 2*o - 1. Let h(l) = -5*l + 2. Let w(u) = a*h(u) + 7*t(u). Calculate w(k).
4
Let b(u) = -1 + 7*u - u - 5*u + 2. Calculate b(-4).
-3
Suppose -4*g - 17 = 5*i - 4, 4*g - 27 = 3*i. Let y(k) = -k**3 - 5*k**2 - 6*k - 3. Let n be y